at is the hundreds digit of (-8)/(216/813)*f?
2
Suppose 5*v + 190 - 1195 = 0. Let h = v - 186. What is the tens digit of h?
1
What is the thousands digit of 7282600/676 + 3/(-39)?
0
Let s(v) = -v**3 + 10*v**2 + 8*v - 39. What is the hundreds digit of s(-11)?
4
Let x(q) = 2056*q - 7224. What is the ten thousands digit of x(16)?
2
What is the units digit of (10 + 6425/(-75))/(1/(-90))?
0
Let o(f) = 5*f**3 - 2*f**2 - 25*f + 54. What is the thousands digit of o(11)?
6
Suppose 75*o - 77*o + 32 = 0. Suppose -4*m + 1440 = 2*n, -o = -7*n + 11*n. What is the hundreds digit of m?
3
Suppose 0 = 3*s - 8*s - 50. Let u(i) = -i**3 - 9*i**2 + 10*i + 15. Let t be u(s). Suppose -t = -w + 11. What is the tens digit of w?
2
Let x = 35 - -213. Let v = x + 30. What is the hundreds digit of v?
2
What is the ten thousands digit of 47705/(-290)*(1 - 187)?
3
Let x(q) be the third derivative of 0*q**4 - 1/120*q**6 + 0 + 0*q + 2*q**2 - 5/6*q**3 + 0*q**5. What is the units digit of x(-4)?
9
Let d = 283 - 279. Suppose 7*u - 8*u = 3*v - 2871, d*v = -4*u + 3828. What is the tens digit of v?
5
Let n = -7022 + 17257. What is the units digit of n?
5
Suppose 3*s - 16487 = -4*p, -10*s + 6*s + 22008 = -p. What is the units digit of s?
1
Let m(s) = s**3 - 17*s**2 + 4*s - 24. Let q be m(18). Suppose 0 = 46*w - 43*w - q. What is the tens digit of w?
2
Let p = 121 - 66. Let y = 35 + p. What is the units digit of y?
0
Let y be 31380/156 - (-6)/(-39). Let r = 409 - y. What is the tens digit of r?
0
Let h(v) = -v**2 - 28*v - 24. Let y(a) = 8*a + 21. Let w be y(-6). Let m be h(w). Suppose 172 = -m*b + 802. What is the hundreds digit of b?
2
Suppose -425*x = -438*x + 1794. Let p = 761 + x. What is the hundreds digit of p?
8
Suppose 3*o - 3 = 4*x + 9, 0 = o + 4*x + 12. Suppose o = 2*q + 2*q - 2*w - 1446, 2*w - 374 = -q. What is the units digit of q?
4
Let r be (-4)/(-5)*1525/2. Let k = r + 323. What is the units digit of k?
3
Suppose 39*z - 16861 = 79157. What is the units digit of z?
2
Suppose 11*w - 20 = 15*w, 0 = 5*r - w - 5. Suppose 2*h + 3*h = -3*p + 890, -4*p + 20 = r. What is the tens digit of h?
7
What is the hundreds digit of (3 - (-6225 + 0)) + (-9 + 7)*-3?
2
Let h = 22994 + -12144. What is the ten thousands digit of h?
1
Suppose 15500 = m + 4*g, 19*g = 20*g - 7. What is the tens digit of m?
7
Let d(f) = 4*f + 88. Suppose 0 = n + 11 - 17. What is the tens digit of d(n)?
1
Let w be (12/15)/((-6)/15). Let o be ((-4)/w - -3) + -1. What is the units digit of ((-8172)/(-48))/(3/o)?
7
Let t(d) = -5*d**2 + 16*d + 43. Let k be t(7). Suppose -4*j = -3*j - 172. Let p = j + k. What is the tens digit of p?
8
Suppose -2*m - 912 = -3640. Let x = m - 461. What is the tens digit of x?
0
What is the thousands digit of 172194/55*25/10?
7
Suppose -7*u + w + 200018 = 13175, -2*w = -5*u + 133467. What is the thousands digit of u?
6
Suppose -4*i - 3*w + w + 718 = 0, 3*i - w - 541 = 0. Let z = -10 + i. Let v = -114 + z. What is the units digit of v?
6
What is the hundreds digit of 9/(-30) - 4*(-1129609)/520?
6
Let l(h) = 4*h. Let r be l(-4). Suppose -15*v + 59*v = 1408. Let z = r + v. What is the units digit of z?
6
Suppose -7*z = -8*z + 22. Let f(n) = 2*n**2 - 47*n - 27. Let m(l) = -4*l**2 + 94*l + 54. Let i(j) = -13*f(j) - 6*m(j). What is the tens digit of i(z)?
9
Let a(m) = 76*m - 13. Let u be a(4). Suppose -882 = -294*d + u*d. What is the units digit of d?
4
Let c(p) = -p**3 - 20*p**2 + 57*p - 37. Let n(a) = -11*a + 76. Let v be n(9). What is the hundreds digit of c(v)?
2
Suppose 60703 = 728*t + 731*t - 1458*t. What is the thousands digit of t?
0
Let x be 6*24/(-9)*-3. What is the tens digit of (72/x)/((-1)/(-26))?
3
What is the units digit of -27 - -26 - ((5 - 20010) + -1)?
5
Let o(k) = -k**2 - 3*k + 9. Suppose 15*i = 13*i - 10. Let g be o(i). What is the units digit of 17/85 + 219/5 + g?
3
Let b be -4*((1 - 3) + 4). Let v be (-29 - b)*4/(-3). Suppose 0 = -v*a + 27*a + 85. What is the units digit of a?
5
Suppose r + 12 = -0*a + 3*a, 3*r - 29 = -4*a. Let p be (0 - 565)/(6 + -7). Suppose n = d + 105, -a*n + 3*d = 6*d - p. What is the hundreds digit of n?
1
Let g(s) = -46*s**2 - 16*s - 117. Let a be g(-6). Let w = a + 2630. What is the hundreds digit of w?
9
Suppose -21*l - 11294 + 92271 = -55250. What is the units digit of l?
7
Let t(m) = -3*m - 18. Let r be t(17). Let d = 54 + r. What is the units digit of -130*4/d*3?
4
Let t = -86 - -94. Suppose -5*a + 14*s - 13*s + 19 = 0, -2*s = t. Suppose -11*u + a*u = -1968. What is the tens digit of u?
4
Let o(g) = -2*g**2 - 15*g + 12. Let m be o(-10). Let f = 47 + m. Suppose 85 = -f*b + 1246. What is the hundreds digit of b?
1
Let q be (-78)/(-13) + 3/(-1). Suppose 0*y + 738 = q*y. What is the units digit of y?
6
Let k be (-5 + 69/9)*-3. What is the tens digit of (-2582)/k - 147/196?
2
Let y(i) = -i**3 + 105*i**2 - 1106*i + 107. What is the hundreds digit of y(34)?
5
Let y(d) = -d + 3. Let t(o) = 2*o - 5. Let r be t(4). Let z be y(r). Let w(s) = s**3 - s**2 + s + 62. What is the units digit of w(z)?
2
Suppose 0 = 5*n + 61 - 56, 4*n = f - 6711. What is the hundreds digit of f?
7
Let z be (-12)/(-42) + (19156/(-14) - 0). Let a = z + 2246. Suppose 88 = 7*s - a. What is the tens digit of s?
3
Let z(k) be the third derivative of -23*k**4/24 + 23*k**3/3 + 4*k**2 - 12*k. What is the hundreds digit of z(-7)?
2
Let y = 17972 + -11160. What is the thousands digit of y?
6
Let i(m) = 19*m**2 - 154*m - 807. What is the hundreds digit of i(-5)?
4
What is the units digit of (-11 - 23590/(-20))/(6 - (-57)/(-10))?
5
Let i = -301 + 295. What is the units digit of i/39 - (-6619)/13?
9
Let s(n) = -5*n - 26. Let x be s(-6). What is the units digit of (-37376)/(-160) + x/10?
4
Let h be 1202/10 - (-20)/(-100). What is the hundreds digit of (h/(-18))/((-8)/204)?
1
Let d(n) = 12407*n**3 - 2*n**2 + 5*n - 5. What is the tens digit of d(1)?
0
Let y(r) = 29*r - 26. Let v be y(9). Let x = 781 - v. What is the hundreds digit of x?
5
Let k(m) = -m + 7 + 2 - 5*m. Suppose -6*u - 363 = 27*u. What is the tens digit of k(u)?
7
Let r be (-1 - 87/6)*-2. Let n be (r/(-1))/((-4)/12). Let l = n + -8. What is the tens digit of l?
8
Let i(w) = -w**3 - 9*w**2 + 20*w - 21. Let j be i(-11). What is the hundreds digit of (-4 + 337)*j - 7?
3
Suppose -5*d + 7*d - 12*d = 0. What is the tens digit of (429 + -5 - d) + 5?
2
Let x(l) = l**2 - 3*l. Let t be x(4). Suppose 5*d - k = -0*k + 370, -t*d + 2*k = -290. What is the units digit of d?
5
Let v(n) = -2*n**2 - 124*n + 93. Suppose 2*z + 103 = q, -3*z + 41*q - 154 = 40*q. What is the thousands digit of v(z)?
1
Let i(d) = d**2 + 6*d - 7. Let f be i(-7). Suppose 12*n = -f*n + 9888. What is the units digit of n?
4
Suppose -4*u - 5*h + 26330 = 0, 2*u = -2*u + h + 26342. What is the units digit of u?
5
Suppose -b - 5 = -4. Let k(x) = -758*x - 1. Let j be k(b). Suppose 5*f - j = -12. What is the hundreds digit of f?
1
Suppose -5*i + 10 = -0. Suppose -l + 332 = 2*d, -5*l = -i*d + 7*d - 1685. Let o = l - 36. What is the units digit of o?
6
Let s = -3 + 17. Suppose v - s + 15 = 0. Let u(l) = -124*l**3 - l**2 + 2*l + 2. What is the hundreds digit of u(v)?
1
Suppose -4*s + 48026 = 265*q - 263*q, 2*q + s - 48038 = 0. What is the hundreds digit of q?
0
Suppose -9654 = -20*n + 45226. What is the hundreds digit of n?
7
Let a(j) be the third derivative of j**5/5 - j**4/12 + 7*j**3 + 11*j**2 - 5. What is the tens digit of a(5)?
3
Suppose 3*d - 74887 + 552 = -4*w, 5*w = -5*d + 92920. What is the ten thousands digit of w?
1
Let h(f) = -15 - 4 + 2 - 19*f + 6*f. Suppose -65 = 4*g - 33. What is the tens digit of h(g)?
8
Suppose 368*y - 25709970 = 122*y - 183*y. What is the thousands digit of y?
9
Suppose -6*y + 9*y = 12. What is the hundreds digit of (y/6)/(4/3498)?
5
Let p(d) = 2*d**2 + d - 2. Let g be p(3). Suppose 2*w + g = 3*t, -2*w + 4 = 4*t + 2. Suppose -105 = t*z - 543. What is the hundreds digit of z?
1
Let z be 8/(-60) + 192/90. Suppose 4 = z*i - 4*i. What is the tens digit of (-27)/(-1) + i + -4?
2
Let n(m) = m**3 - 4*m**2 - 3. Suppose 6*h - 9 = 15. Let u be n(h). What is the tens digit of (-1 + -115)*u/(-6)*-2?
1
Let d(q) be the first derivative of -6*q**2 + 27 + 0*q - 20*q - 42 + 18. What is the tens digit of d(-21)?
3
What is the ten thousands digit of ((-63364)/(-37